*u - 8. What are the prime factors of b?
2
Let c = 76 - -60. List the prime factors of c.
2, 17
What are the prime factors of 36/14*(23 + 5)?
2, 3
Let z(x) = x**2 + 5*x - 6. Let w be z(-7). Let c(t) = 3*t - 10. List the prime factors of c(w).
2, 7
Let o = 1 - -4. List the prime factors of o.
5
Let l = 4 - 2. Let v(n) = -l + 3 - 2*n - n - 2*n. What are the prime factors of v(-1)?
2, 3
Let z(c) = -c**3 - 4*c**2 - 2*c + 1. Let q be z(-5). Suppose -2*w + q = 2*w. What are the prime factors of w?
3
What are the prime factors of 2 - 1*5*-8?
2, 3, 7
What are the prime factors of -36*(-4)/4 + -3?
3, 11
Let k(b) = -2*b - 2. Let z be k(-2). Let x be (1/z)/(2/56). Suppose -4*i + 4 + x = 3*f, 5*f = 2*i + 4. What are the prime factors of f?
2
Let b be (63/(-2))/(9/(-18)). Let r = 115 - b. What are the prime factors of r?
2, 13
Let o = 2 - 0. Suppose o = t - 12. List the prime factors of t.
2, 7
Suppose -2*b = 5*c - 30, -5*b - 5*c + 77 = -28. Suppose b = -2*o - 4*n + 115, -3*o = -n - 100. List the prime factors of o.
5, 7
Let a(u) be the first derivative of u**2/2 + 11*u + 1. Suppose -12 = -2*y + 4*y + 4*r, 0 = 4*y + r + 3. What are the prime factors of a(y)?
11
Let h = 6 + 2. Let b be (h/(-2))/(0 - -1). List the prime factors of (2/b)/((-1)/20).
2, 5
Let p = -1 + 0. What are the prime factors of 3 + 2/((-2)/p)?
2
Let d(n) = n**3 + 2*n**2 + 53. Let m be (-3)/2 + 45/30. List the prime factors of d(m).
53
Let q(t) = -t**3 + 9*t**2 - 6*t - 4. List the prime factors of q(6).
2, 17
Let f be (8 + 2)*(-3 - -7). Let c = -22 + f. List the prime factors of c.
2, 3
Let v = 5 + -3. List the prime factors of v/((-21)/(-9) + -2).
2, 3
Let f = -8 - 0. Let b = -4 - f. Suppose 2*v = 10, 0 = -c - c - b*v + 30. List the prime factors of c.
5
Let t = 25 + -18. What are the prime factors of t?
7
List the prime factors of 2*(-228)/(-8)*1.
3, 19
Let s = 16 + -7. Let k = -4 + s. List the prime factors of k.
5
Let r = 35 + -14. Suppose -5*t - r = s, t = 4*s + s - 25. Suppose g - s = -g. List the prime factors of g.
2
Suppose -k + 69 = 4*n, -2*n = 5*k + 15 - 72. List the prime factors of n.
2
Let q(n) = 144*n + 7. What are the prime factors of q(1)?
151
Suppose 0 = -4*k - 2 + 18. Suppose k*c + 0*c - 112 = 0. What are the prime factors of c?
2, 7
Let d = -66 + 143. Let c = d + -54. What are the prime factors of c?
23
Let m be 0/(-3) - (-5 - 0). Suppose -3*v + 54 + 16 = m*t, 2*v = -2*t + 52. Suppose 0 = 3*s - 6*s + v. List the prime factors of s.
2, 5
Suppose 2*c = -2*q - 80, -2*q = c - 6*q + 45. Let t = 3 - c. What are the prime factors of t?
2, 11
Let v(t) = t**3 - 5*t**2 - 7*t + 10. Let c be v(6). Let n be -4*(7/(-2) - -1). List the prime factors of (c + -7)*n/(-3).
2, 5
Let t = 2 - -4. Suppose -2*f + t*f = 72. What are the prime factors of f?
2, 3
Let x = 157 - 62. List the prime factors of x.
5, 19
Let z(m) = m**2 - 4*m - 2. Let t be z(5). Suppose 0 = -3*x + t*a - 30, -2*a + 62 = -5*x - 0*a. Let v = -5 - x. What are the prime factors of v?
3
Let x = -5 - -15. Suppose -15 = -y + x. Suppose 5*h - y = -0*h. List the prime factors of h.
5
Let w(v) = -v**3 - 5*v**2 + 14*v + 8. Let u be w(-7). Let q(l) = l**2 - 4*l. List the prime factors of q(u).
2
Let r(g) be the second derivative of g**4/3 + g**3/3 + 3*g**2/2 + 2*g. Let w be r(-2). What are the prime factors of (w/(-6))/((-2)/12)?
3, 5
Let j = 13 - -156. What are the prime factors of j?
13
Let i(s) = s + 13. Let j be i(-8). Suppose 8 = -j*a + 73. What are the prime factors of a?
13
List the prime factors of -4*(-2)/(-12) + (-1160)/(-12).
2, 3
Let n(x) = -x**3 - 17*x**2 - 19*x + 35. List the prime factors of n(-16).
83
Suppose -2*j - x + 92 = 0, -j - 4*j + 3*x = -241. What are the prime factors of j?
47
Let s(w) = -20*w + 1. Let a(v) = 7*v. Let r(o) = -8*a(o) - 3*s(o). Let j be r(7). Suppose 4*f - j = -f. List the prime factors of f.
5
Suppose 2*j + t = -79, -2*j - 4*t = 54 + 10. List the prime factors of 218/12 + 7/j.
2, 3
Let d(c) = 12*c**2 + c + 2. Let r be 5/2 - 2/4. Let z be d(r). Suppose -2*u - z = -5*m + u, 4 = 4*u. What are the prime factors of m?
11
Let q(g) = -3*g + 3. Let p = -11 + 6. Let w be q(p). List the prime factors of 4/w + (-32)/(-18).
2
Suppose 3*t + t - 4 = 2*o, 0 = 3*t - 3*o. Suppose 0 = -t*u - 4*u + 258. What are the prime factors of u?
43
Let w(y) = y**3 - 9*y**2 - 6*y - 13. List the prime factors of w(10).
3
Suppose 4*x - 1279 = 5*y, 0 = 3*x - 7*x + 3*y + 1273. List the prime factors of x.
2, 79
Suppose -2*n = -4*d - 2, 3*n - 12 = -0*d + 3*d. Let m be (-2)/7 + 2/n. Suppose -3*y + m*w + 47 = -w, 2*y + 3*w - 46 = 0. List the prime factors of y.
17
Let u be (-14)/(-4) - (-4)/(-8). Suppose 6*x = u*x. Suppose x = -h + 3 + 1. What are the prime factors of h?
2
Let v be ((-1)/1*1)/(-1). Let t(c) = 3*c + 6. Let a(p) = -p - 1. Let d(b) = v*t(b) + 5*a(b). What are the prime factors of d(-4)?
3
Let l = -14 - -70. List the prime factors of l.
2, 7
Let l be -1 - 0 - 8/8. List the prime factors of (-6)/(-12)*(-48)/l.
2, 3
Let q be ((-4)/12)/(2/18). Let g be (-9)/q - 3/1. Suppose -4*d - 9 + 81 = g. List the prime factors of d.
2, 3
Let d be (-4)/(-18) - (-25)/9. Suppose 0*i + 120 = d*i. Suppose -4*c - c + i = 0. What are the prime factors of c?
2
Let i(d) = d - 4. Let j be i(6). Suppose -j*y = 3*y - 15. What are the prime factors of y?
3
Let w(t) = -6*t**3 - t**2. Let s be w(-1). Let h be 1 + (-2)/((-6)/27). Suppose -2*f + i - 3 = -41, s*i = -h. What are the prime factors of f?
2, 3
Suppose -3*l + l = -8. Suppose l*m = -9 - 7. Let z = 0 - m. List the prime factors of z.
2
Let o be (-111)/4 - (-3)/(-12). Let m = -1 - o. What are the prime factors of m?
3
What are the prime factors of 3/(-3 + 2) + 4 + 82?
83
Let r(d) = -d**3 + 4*d**2 - d + 4. Let a be r(4). What are the prime factors of (-2)/(a + (-4)/30)?
3, 5
Suppose -3*m = 3, 3*m + 23 = 4*g - 44. Let y = 32 - g. Let t = -5 + y. What are the prime factors of t?
11
Suppose 3*c + 1 = -2*r + 63, 0 = 2*r + 5*c - 54. Let b = r + -24. What are the prime factors of b?
13
Let i = 36 - 16. Suppose -q = 5, 0*o + i = 2*o + 4*q. Suppose 0 = -2*v + f + 1, -5*f = 3*v - o - 1. List the prime factors of v.
2
Let k = -35 - -69. What are the prime factors of k?
2, 17
Let o be (1/2)/(4/32). Suppose -y = -o*n + 7, -2*y = -3*n + 2*n. What are the prime factors of n?
2
Let c(r) = -r**2 + 3. Let h be c(0). Suppose 5*x - 75 = 3*t - 0*t, -h*x + 26 = 2*t. List the prime factors of x.
2, 3
Suppose -5*p = 3*v + 2*v + 70, -3*p = v + 42. What are the prime factors of 186/14 - (-4)/p?
13
Let n(i) = -i + 6 + 0*i + 0*i. Let h = -8 + 0. List the prime factors of n(h).
2, 7
Let y(o) = -o + 5. What are the prime factors of y(-9)?
2, 7
Suppose -2*p = p + 3. Let a = 15 - 8. Let q = p + a. What are the prime factors of q?
2, 3
Let d(u) = u + 10. Let i be (-1 - (9 - 2)) + 0. What are the prime factors of d(i)?
2
Let n = 13 + -9. Suppose 26 = n*i - 54. What are the prime factors of i?
2, 5
Let h(m) = -4*m - 2. What are the prime factors of h(-1)?
2
Let x(r) = -r**3 - 2*r**2 + r - 3. Let l be x(-3). Suppose -l = 2*n + 3. Let h(s) = -3*s. List the prime factors of h(n).
3
What are the prime factors of (-3)/(12/8)*-22?
2, 11
Let n = -1 - -3. Suppose n*i - 17 = i. What are the prime factors of i?
17
Let o(y) be the third derivative of y**5/60 - y**4/4 + y**3/3 + 5*y**2. What are the prime factors of o(6)?
2
Let k(u) = -10*u**2. Let z be k(-1). Let g = 17 + z. Suppose p + g = 14. List the prime factors of p.
7
Let x(i) be the first derivative of -i**3/3 - 3*i**2/2 - 2*i + 1. Let z(l) be the first derivative of x(l). What are the prime factors of z(-5)?
7
Suppose -2*k + k = -23. Let w = -4 + k. What are the prime factors of w?
19
Suppose -q = -5*z, -3*z + 4*q - 3*q = 0. What are the prime factors of -31*(2 - (z + 3))?
31
Suppose -q + 32 = j, -2*q + 4*j + 136 = 2*q. List the prime factors of q.
3, 11
Suppose -d = d - 48. List the prime factors of d.
2, 3
Let v be 4/3 + 6/9. Let w(c) = -c + 1. Let q(p) = 4*p - 2. Let u(d) = q(d) + 3*w(d). List the prime factors of u(v).
3
Let j = -11 - 1. What are the prime factors of ((-1)/(-1))/((-4)/j)?
3
Let c = 0 - -3. Suppose -4*r + 3 = 2*d - 9, d - 4 = -c*r. List the prime factors of d.
2, 5
Suppose u = -3*u + 48. Let q = u + 0. What are the prime factors of q?
2, 3
Suppose x 